{"id":807,"date":"2023-06-19T14:39:00","date_gmt":"2023-06-19T12:39:00","guid":{"rendered":"https:\/\/emeraudemakeup.fr\/?page_id=807"},"modified":"2023-08-27T17:55:38","modified_gmt":"2023-08-27T15:55:38","slug":"tarifs","status":"publish","type":"page","link":"https:\/\/emeraudemakeup.fr\/index.php\/tarifs\/","title":{"rendered":"Tarifs"},"content":{"rendered":"<p><strong><span style=\"color: #000000;\">forfait maquillage mariage :<\/span><\/strong><\/p>\n<ul>\n<li style=\"text-align: left;\"><span style=\"color: #000000;\">essai + jour J &#8230;&#8230;&#8230;&#8230;&#8230;&#8230;&#8230;&#8230;&#8230;&#8230;&#8230;&#8230;&#8230;&#8230;&#8230;&#8230;&#8230;&#8230;&#8230;&#8230;&#8230;&#8230;&#8230;&#8230;&#8230;&#8230;&#8230;&#8230;&#8230;&#8230;&#8230;&#8230;&#8230;&#8230;.. 120 euros<\/span><\/li>\n<li style=\"text-align: left;\"><span style=\"color: #000000;\">invit\u00e9 mariage &#8230;&#8230;&#8230;&#8230;&#8230;&#8230;&#8230;&#8230;&#8230;&#8230;&#8230;&#8230;&#8230;&#8230;&#8230;&#8230;&#8230;&#8230;&#8230;&#8230;&#8230;&#8230;&#8230;&#8230;&#8230;&#8230;&#8230;.30 euros par personne<\/span><\/li>\n<\/ul>\n<p><span style=\"color: #000000;\"><strong>maquillage shooting\/ FX<\/strong> ( halloween) \/ <strong>bodypainting :<\/strong> sur devis<\/span><\/p>\n<p><strong><span style=\"color: #000000;\">cours d&rsquo;auto maquillage :<\/span><\/strong><\/p>\n<ul>\n<li style=\"text-align: left;\"><span style=\"color: #000000;\">individuel 2H &#8230;&#8230;&#8230;&#8230;&#8230;&#8230;&#8230;&#8230;&#8230;&#8230;&#8230;&#8230;&#8230;&#8230;&#8230;&#8230;&#8230;&#8230;&#8230;&#8230;&#8230;&#8230;&#8230;&#8230;&#8230;&#8230;&#8230;&#8230;&#8230;&#8230;&#8230;&#8230;&#8230;&#8230;100 euros<\/span><\/li>\n<li style=\"text-align: left;\"><span style=\"color: #000000;\">collectif 3H &#8230;&#8230;&#8230;&#8230;&#8230;&#8230;&#8230;&#8230;&#8230;&#8230;&#8230;&#8230;&#8230;&#8230;&#8230;&#8230;&#8230;&#8230;&#8230;&#8230;&#8230;&#8230;&#8230;&#8230;&#8230;&#8230;&#8230;&#8230;&#8230;&#8230;&#8230;&#8230;&#8230;..\u00e0 partir 150 euros<\/span><\/li>\n<\/ul>\n<p><strong><span style=\"color: #000000;\">maquillage enfants :<\/span><\/strong><\/p>\n<ul>\n<li style=\"text-align: left;\"><span style=\"color: #000000;\">festival forfait 2h &#8230;&#8230;&#8230;&#8230;&#8230;&#8230;&#8230;&#8230;&#8230;&#8230;&#8230;&#8230;&#8230;&#8230;&#8230;&#8230;&#8230;&#8230;&#8230;&#8230;&#8230;&#8230;&#8230;&#8230;&#8230;&#8230;&#8230;&#8230;&#8230;&#8230;&#8230;&#8230;.120 euros<\/span><\/li>\n<li style=\"text-align: left;\"><span style=\"color: #000000;\">festival forfait 4H &#8230;&#8230;&#8230;&#8230;&#8230;&#8230;&#8230;&#8230;&#8230;&#8230;&#8230;&#8230;&#8230;&#8230;&#8230;&#8230;&#8230;&#8230;&#8230;&#8230;&#8230;&#8230;&#8230;&#8230;&#8230;&#8230;&#8230;&#8230;&#8230;&#8230;&#8230;&#8230;200 euros<\/span><\/li>\n<li><span style=\"color: #000000;\">anniversaire : sur devis.<\/span><\/li>\n<\/ul>\n<p><span style=\"color: #000000;\"><strong>maquillage adultes \u00e9v\u00e8nement<\/strong> <strong>:<\/strong> anniversaires, soir\u00e9es, s\u00e9minaires, \u00e9v\u00e9nementiel : sur devis.<\/span><\/p>\n<p><span style=\"color: #000000;\"><strong>Maquillages sp\u00e9ciaux<\/strong> <strong>:<\/strong> Ateliers Fluo, paillettes, tatouages \u00e9ph\u00e9m\u00e8res, halloween , ann\u00e9es 60, 80, EVJF : sur devis<\/span><\/p>\n<p><strong><span style=\"color: #000000;\">maquillage beaut\u00e9 :<\/span><\/strong><\/p>\n<ul>\n<li style=\"text-align: left;\"><span style=\"color: #000000;\">naturel &#8230;&#8230;&#8230;&#8230;&#8230;&#8230;&#8230;&#8230;&#8230;&#8230;&#8230;&#8230;&#8230;&#8230;&#8230;&#8230;&#8230;&#8230;&#8230;&#8230;&#8230;&#8230;&#8230;&#8230;&#8230;&#8230;&#8230;&#8230;&#8230;&#8230;&#8230;&#8230;&#8230;&#8230;&#8230;&#8230;&#8230;..40 euros\u00a0 \u00a0 \u00a0 \u00a0 \u00a0 \u00a0<\/span><\/li>\n<li style=\"text-align: left;\"><span style=\"color: #000000;\">sophistiqu\u00e9 &#8230;&#8230;&#8230;&#8230;&#8230;&#8230;&#8230;&#8230;&#8230;&#8230;&#8230;&#8230;&#8230;&#8230;&#8230;&#8230;&#8230;&#8230;&#8230;&#8230;&#8230;&#8230;&#8230;&#8230;&#8230;&#8230;.60 euros (+ prix faux cils)<\/span><\/li>\n<\/ul>\n<p>&nbsp;<\/p>\n<p>( ces prix ne contiennent pas les frais kilom\u00e9triques)<\/p>\n","protected":false},"excerpt":{"rendered":"<p>forfait maquillage mariage : essai + jour J &#8230;&#8230;&#8230;&#8230;&#8230;&#8230;&#8230;&#8230;&#8230;&#8230;&#8230;&#8230;&#8230;&#8230;&#8230;&#8230;&#8230;&#8230;&#8230;&#8230;&#8230;&#8230;&#8230;&#8230;&#8230;&#8230;&#8230;&#8230;&#8230;&#8230;&#8230;&#8230;&#8230;&#8230;.. 120 euros invit\u00e9 mariage &#8230;&#8230;&#8230;&#8230;&#8230;&#8230;&#8230;&#8230;&#8230;&#8230;&#8230;&#8230;&#8230;&#8230;&#8230;&#8230;&#8230;&#8230;&#8230;&#8230;&#8230;&#8230;&#8230;&#8230;&#8230;&#8230;&#8230;.30 euros par personne maquillage shooting\/ FX ( halloween) \/ bodypainting : sur devis cours d&rsquo;auto maquillage : individuel 2H &#8230;&#8230;&#8230;&#8230;&#8230;&#8230;&#8230;&#8230;&#8230;&#8230;&#8230;&#8230;&#8230;&#8230;&#8230;&#8230;&#8230;&#8230;&#8230;&#8230;&#8230;&#8230;&#8230;&#8230;&#8230;&#8230;&#8230;&#8230;&#8230;&#8230;&#8230;&#8230;&#8230;&#8230;100 euros collectif 3H &#8230;&#8230;&#8230;&#8230;&#8230;&#8230;&#8230;&#8230;&#8230;&#8230;&#8230;&#8230;&#8230;&#8230;&#8230;&#8230;&#8230;&#8230;&#8230;&#8230;&#8230;&#8230;&#8230;&#8230;&#8230;&#8230;&#8230;&#8230;&#8230;&#8230;&#8230;&#8230;&#8230;..\u00e0 partir 150 euros maquillage enfants : festival forfait 2h &#8230;&#8230;&#8230;&#8230;&#8230;&#8230;&#8230;&#8230;&#8230;&#8230;&#8230;&#8230;&#8230;&#8230;&#8230;&#8230;&#8230;&#8230;&#8230;&#8230;&#8230;&#8230;&#8230;&#8230;&#8230;&#8230;&#8230;&#8230;&#8230;&#8230;&#8230;&#8230;.120 euros festival forfait 4H &#8230;&#8230;&#8230;&#8230;&#8230;&#8230;&#8230;&#8230;&#8230;&#8230;&#8230;&#8230;&#8230;&#8230;&#8230;&#8230;&#8230;&#8230;&#8230;&#8230;&#8230;&#8230;&#8230;&#8230;&#8230;&#8230;&#8230;&#8230;&#8230;&#8230;&#8230;&#8230;200 euros anniversaire<\/p>\n<div class=\"text-left\"><a class=\"btn btn-main btn-lg\" href=\"https:\/\/emeraudemakeup.fr\/index.php\/tarifs\/\" >READ MORE<\/a><\/div>\n","protected":false},"author":1,"featured_media":0,"parent":0,"menu_order":0,"comment_status":"closed","ping_status":"closed","template":"","meta":{"footnotes":""},"class_list":["post-807","page","type-page","status-publish","hentry","blog-item"],"_links":{"self":[{"href":"https:\/\/emeraudemakeup.fr\/index.php\/wp-json\/wp\/v2\/pages\/807","targetHints":{"allow":["GET"]}}],"collection":[{"href":"https:\/\/emeraudemakeup.fr\/index.php\/wp-json\/wp\/v2\/pages"}],"about":[{"href":"https:\/\/emeraudemakeup.fr\/index.php\/wp-json\/wp\/v2\/types\/page"}],"author":[{"embeddable":true,"href":"https:\/\/emeraudemakeup.fr\/index.php\/wp-json\/wp\/v2\/users\/1"}],"replies":[{"embeddable":true,"href":"https:\/\/emeraudemakeup.fr\/index.php\/wp-json\/wp\/v2\/comments?post=807"}],"version-history":[{"count":7,"href":"https:\/\/emeraudemakeup.fr\/index.php\/wp-json\/wp\/v2\/pages\/807\/revisions"}],"predecessor-version":[{"id":1050,"href":"https:\/\/emeraudemakeup.fr\/index.php\/wp-json\/wp\/v2\/pages\/807\/revisions\/1050"}],"wp:attachment":[{"href":"https:\/\/emeraudemakeup.fr\/index.php\/wp-json\/wp\/v2\/media?parent=807"}],"curies":[{"name":"wp","href":"https:\/\/api.w.org\/{rel}","templated":true}]}}